31 prime?
False
Is 340263221 prime?
False
Is 147731 prime?
False
Is 98389517 prime?
True
Is 7172983 a prime number?
False
Is 102167207 a prime number?
True
Is 5075891 a composite number?
False
Is 3186887 composite?
True
Is 2921131 a prime number?
True
Is 167360555 a composite number?
True
Is 101004515 a composite number?
True
Is 3302581 a composite number?
True
Is 7292963 a prime number?
False
Is 7526455 composite?
True
Is 1883989 composite?
False
Is 154190441 a composite number?
True
Is 1937823 a composite number?
True
Is 18105041 composite?
False
Is 198013 a composite number?
False
Is 7902431 composite?
True
Is 76882789 a prime number?
False
Is 960265459 prime?
True
Is 147355153 a prime number?
False
Is 10388891 composite?
False
Is 4163921 prime?
False
Is 12544513 a composite number?
False
Is 59950691 a prime number?
True
Is 6259609 a composite number?
True
Is 6981367 prime?
True
Is 11146893 composite?
True
Is 117149731 a prime number?
False
Is 1339901 a composite number?
False
Is 51153043 prime?
True
Is 970469 composite?
False
Is 19346329 a composite number?
False
Is 676334 a prime number?
False
Is 305805329 composite?
False
Is 1683917 composite?
True
Is 71619473 composite?
True
Is 110895973 composite?
False
Is 5743253 composite?
False
Is 10399789 composite?
False
Is 401448331 a prime number?
False
Is 142256423 prime?
True
Is 863323 a composite number?
False
Is 1614287 a prime number?
False
Is 48825869 prime?
False
Is 265957 prime?
True
Is 4654291 a composite number?
False
Is 7518611 a prime number?
False
Is 606736939 a composite number?
False
Is 537989 a prime number?
False
Is 257581513 prime?
False
Is 2876947 composite?
True
Is 575557833 composite?
True
Is 1035781 prime?
True
Is 3729311 prime?
True
Is 5880839 composite?
True
Is 25226309 prime?
True
Is 189798437 a composite number?
False
Is 6391117 composite?
False
Is 13852389 a prime number?
False
Is 1049207 a composite number?
True
Is 1802705 composite?
True
Is 131585819 a prime number?
False
Is 40193057 a composite number?
False
Is 50358577 a composite number?
False
Is 109088246 prime?
False
Is 17211505 composite?
True
Is 54631 a composite number?
False
Is 116560127 prime?
True
Is 5502437 a prime number?
True
Is 4532561 prime?
False
Is 10474943 a prime number?
False
Is 531731 composite?
False
Is 5795081 a prime number?
True
Is 4609849 prime?
True
Is 11151317 a prime number?
False
Is 308115233 a prime number?
True
Is 8172007 a prime number?
False
Is 3192635 a prime number?
False
Is 108294869 a composite number?
False
Is 6807 a prime number?
False
Is 496981 composite?
True
Is 16069943 prime?
False
Is 42634619 prime?
False
Is 525401 a composite number?
True
Is 255778739 prime?
True
Is 187018553 prime?
True
Is 2292783 a composite number?
True
Is 14519 a composite number?
False
Is 437219 composite?
False
Is 9463351 a prime number?
False
Is 3472381 a prime number?
False
Is 1518739 a composite number?
True
Is 77120137 composite?
False
Is 10568387 a composite number?
True
Is 147806581 a composite number?
True
Is 126713606 a prime number?
False
Is 8688479 a prime number?
False
Is 12584069 a prime number?
False
Is 1159966657 a prime number?
True
Is 15163 a prime number?
False
Is 23362041 a composite number?
True
Is 2425249 a composite number?
False
Is 713889017 a prime number?
True
Is 85904395 a composite number?
True
Is 6749087 prime?
True
Is 11184497 prime?
True
Is 168543959 prime?
True
Is 346639 a prime number?
True
Is 7618291 prime?
False
Is 270191 a composite number?
False
Is 1364683 a prime number?
False
Is 13124543 a prime number?
True
Is 249251683 a prime number?
False
Is 49704293 a composite number?
True
Is 54694649 a prime number?
True
Is 2550407 composite?
False
Is 13539443 a composite number?
True
Is 3414923 prime?
False
Is 28143181 a prime number?
False
Is 94955695 composite?
True
Is 56212477 a prime number?
True
Is 136800571 a prime number?
False
Is 2609809 a composite number?
False
Is 3193487 prime?
False
Is 14116787 prime?
False
Is 4577891 a prime number?
False
Is 23812361 composite?
True
Is 157518577 a prime number?
True
Is 57289277 a composite number?
True
Is 806647 a prime number?
False
Is 33958087 composite?
False
Is 11422109 prime?
True
Is 70150583 composite?
True
Is 441118603 prime?
True
Is 44196059 a prime number?
True
Is 98139407 composite?
False
Is 69364127 a composite number?
True
Is 19992691 composite?
True
Is 666361 prime?
False
Is 38732567 a composite number?
False
Is 2652553 a composite number?
False
Is 32435047 a composite number?
True
Is 184464197 a composite number?
False
Is 16167973 a composite number?
True
Is 3316141 a composite number?
True
Is 13055513 a prime number?
False
Is 1820795393 composite?
False
Is 15236183 a prime number?
False
Is 2278391653 prime?
True
Is 16269403 prime?
True
Is 4888873 a composite number?
True
Is 81759313 composite?
True
Is 31366187 prime?
False
Is 5294899 composite?
True
Is 11103655 composite?
True
Is 97365959 a prime number?
True
Is 32395823 prime?
False
Is 815985787 a prime number?
True
Is 4258673 prime?
True
Is 95894101 prime?
False
Is 3662857 prime?
False
Is 1894573 a prime number?
False
Is 6038013 a prime number?
False
Is 49850933 composite?
True
Is 3419833 composite?
True
Is 394190065 a composite number?
True
Is 453527 a composite number?
False
Is 995983 a prime number?
True
Is 22046869 prime?
False
Is 51958381 composite?
False
Is 3005159 composite?
True
Is 378632981 composite?
False
Is 77523683 a prime number?
False
Is 9857317 prime?
False
Is 168529 a prime number?
False
Is 236964131 a composite number?
True
Is 402891227 prime?
True
Is 2853647 a composite number?
False
Is 8049061 a composite number?
False
Is 92782141 a prime number?
False
Is 7835279 a composite number?
False
Is 3549059 a composite number?
False
Is 472547 a composite number?
True
Is 1055183 a composite number?
True
Is 2796769 prime?
False
Is 27425458 a composite number?
True
Is 4274651 a prime number?
True
Is 4631227 a prime number?
True
Is 7347187 prime?
True
Is 461397133 a prime number?
True
Is 915953 a prime number?
False
Is 1172179 prime?
True
Is 192428711 a composite number?
False
Is 37464891 a prime number?
False
Is 334931 a prime number?
True
Is 672629 composite?
False
Is 263864207 prime?
True
Is 10787923 prime?
True
Is 193369963 a prime number?
False
Is 382927 a composite number?
True
Is 731929333 a composite number?
True
Is 40862851 a composite number?
False
Is 7949519 a prime number?
True
Is 184051963 composite?
False
Is 21257347 composite?
False
Is 2031649 prime?
False
Is 103088911 a composite number?
True
Is 9188593 composite?
False
Is 178763339 composite?
False
Is 1656761 prime?
True
Is 87439 composite?
True
Is 54221357 composite?
False
Is 120333371 a composite number?
False
Is 2219297 a composite number?
True
Is 5701831 a composite number?
False
Is 2936309 a composite number?
False
Is 36696811 a prime number?
True
Is 64231477 a composite number?
False
Is 146096051 prime?
True
Is 259014923 a prime number?
False
Is 1595969 composite?
True
Is 6660646 composite?
True
Is 55133599 a composite number?
True
Is 109689133 a prime number?
True
Is 10724542 a composite number?
True
Is 14655427 a prime number?
False
Is 312841 a composite number?
False
Is 470664385 composite?
True
Is 563089881 composite?
True
Is 914701 composite?
False
Is 123522431 a composite number?
False
Is 96684613 prime?
False
Is 4295339 prime?
False
Is 16805263 prime?
False
Is 12724873 a composite number?
True
Is 4932637 prime?
True
Is 3928127 a prime number?
False
Is 41120041 composite?
False
Is 5658307 a composite number?
False
Is 615997 a prime number?
True
Is 11044309 prime?
True
Is 1930801 a prime number?
True
Is 12646187 prime?
False
Is 2026391 prime?
True
Is 87375857 prime?
True
Is 149649713 prime?
False
Is 457297 a prime number?
False
Is 3042653 a prime number?
True
Is 6205013 composite?
False
Is 7580698 a composite number?
True
Is 625307 a composite number?
False
Is 181686923 composite?
True
Is 5509799 a composite number?
True
Is 41628083 composite?
True
Is 419610989 a prime number?
False
Is 277087891 composite?
True
Is 5965559 a prime number?
False
Is 4122617 composite?
True
Is 19735411 a prime number?
True
Is 9006883 composite?
False
Is 207899 a composite number?
True
Is 